Last updated on 2024-06-29 23:50:00 CEST.
Flavor | Version | Tinstall | Tcheck | Ttotal | Status | Flags |
---|---|---|---|---|---|---|
r-devel-linux-x86_64-debian-clang | 1.2.1 | 10.27 | 331.96 | 342.23 | OK | |
r-devel-linux-x86_64-debian-gcc | 1.2.1 | 9.30 | 235.49 | 244.79 | OK | |
r-devel-linux-x86_64-fedora-clang | 1.2.1 | 435.91 | OK | |||
r-devel-linux-x86_64-fedora-gcc | 1.2.1 | 451.51 | OK | |||
r-devel-windows-x86_64 | 1.2.1 | 10.00 | 254.00 | 264.00 | OK | |
r-patched-linux-x86_64 | 1.2.1 | 12.76 | 325.11 | 337.87 | OK | |
r-release-linux-x86_64 | 1.2.1 | 9.05 | 328.77 | 337.82 | OK | |
r-release-macos-arm64 | 1.2.1 | 146.00 | OK | |||
r-release-macos-x86_64 | 1.2.1 | 218.00 | NOTE | |||
r-release-windows-x86_64 | 1.2.1 | 10.00 | 252.00 | 262.00 | OK | |
r-oldrel-macos-arm64 | 1.2.1 | 164.00 | NOTE | |||
r-oldrel-macos-x86_64 | 1.2.1 | 271.00 | NOTE | |||
r-oldrel-windows-x86_64 | 1.2.1 | 12.00 | 311.00 | 323.00 | OK |
Version: 1.2.1
Check: installed package size
Result: NOTE
installed size is 5.4Mb
sub-directories of 1Mb or more:
data 3.4Mb
doc 1.9Mb
Flavors: r-release-macos-x86_64, r-oldrel-macos-arm64, r-oldrel-macos-x86_64
Version: 1.2.1
Check: package dependencies
Result: NOTE
Packages suggested but not available for checking:
'randomForestSRC', 'xgboost'
Flavor: r-oldrel-macos-x86_64