Last updated on 2025-10-31 14:49:48 CET.
| Flavor | Version | Tinstall | Tcheck | Ttotal | Status | Flags | 
|---|---|---|---|---|---|---|
| r-devel-linux-x86_64-debian-clang | 1.1.1 | 274.91 | 118.60 | 393.51 | OK | |
| r-devel-linux-x86_64-debian-gcc | 1.1.1 | 196.75 | 89.78 | 286.53 | OK | |
| r-devel-linux-x86_64-fedora-clang | 1.1.1 | 243.00 | 449.50 | 692.50 | OK | |
| r-devel-linux-x86_64-fedora-gcc | 1.1.1 | 351.00 | 390.17 | 741.17 | OK | |
| r-devel-windows-x86_64 | 1.1.1 | 296.00 | 209.00 | 505.00 | OK | |
| r-patched-linux-x86_64 | 1.1.1 | 293.51 | 119.76 | 413.27 | OK | |
| r-release-linux-x86_64 | 1.1.1 | 290.73 | 120.83 | 411.56 | OK | |
| r-release-macos-arm64 | 1.1.1 | 111.00 | 76.00 | 187.00 | OK | |
| r-release-macos-x86_64 | 1.1.1 | 118.00 | 142.00 | 260.00 | OK | |
| r-release-windows-x86_64 | 1.1.1 | 303.00 | 210.00 | 513.00 | OK | |
| r-oldrel-macos-arm64 | 1.1.1 | 101.00 | 74.00 | 175.00 | NOTE | |
| r-oldrel-macos-x86_64 | 1.1.1 | 119.00 | 142.00 | 261.00 | NOTE | |
| r-oldrel-windows-x86_64 | 1.1.1 | 350.00 | 248.00 | 598.00 | NOTE | 
Version: 1.1.1
Check: installed package size
Result: NOTE
    installed size is 47.6Mb
    sub-directories of 1Mb or more:
      doc    2.8Mb
      libs  44.5Mb
Flavors: r-oldrel-macos-arm64, r-oldrel-macos-x86_64, r-oldrel-windows-x86_64