Last updated on 2025-04-30 13:54:23 CEST.
Flavor | Version | Tinstall | Tcheck | Ttotal | Status | Flags |
---|---|---|---|---|---|---|
r-devel-linux-x86_64-debian-clang | 3.0.0 | 44.84 | 204.68 | 249.52 | NOTE | |
r-devel-linux-x86_64-debian-gcc | 3.0.0 | 32.59 | 134.50 | 167.09 | OK | |
r-devel-linux-x86_64-fedora-clang | 3.0.0 | 379.13 | OK | |||
r-devel-linux-x86_64-fedora-gcc | 3.0.0 | 376.13 | OK | |||
r-devel-windows-x86_64 | 3.0.0 | 54.00 | 230.00 | 284.00 | OK | |
r-patched-linux-x86_64 | 3.0.0 | 48.81 | 182.10 | 230.91 | OK | |
r-release-linux-x86_64 | 3.0.0 | 44.99 | 182.69 | 227.68 | OK | |
r-release-macos-arm64 | 3.0.0 | 94.00 | OK | |||
r-release-macos-x86_64 | 3.0.0 | 194.00 | OK | |||
r-release-windows-x86_64 | 3.0.0 | 54.00 | 229.00 | 283.00 | OK | |
r-oldrel-macos-arm64 | 3.0.0 | 101.00 | OK | |||
r-oldrel-macos-x86_64 | 3.0.0 | 183.00 | OK | |||
r-oldrel-windows-x86_64 | 3.0.0 | 61.00 | 295.00 | 356.00 | OK |
Version: 3.0.0
Check: examples
Result: NOTE
Examples with CPU (user + system) or elapsed time > 5s
user system elapsed
plot.PanelBalance 5.817 0.078 5.481
get_unrefined_balance.PanelBalance 5.731 0.101 7.221
sub-.PanelBalance 5.691 0.037 5.194
Flavor: r-devel-linux-x86_64-debian-clang