Last updated on 2025-05-08 10:52:47 CEST.
Flavor | Version | Tinstall | Tcheck | Ttotal | Status | Flags |
---|---|---|---|---|---|---|
r-devel-linux-x86_64-debian-clang | 0.1.0 | 6.90 | 39.43 | 46.33 | NOTE | |
r-devel-linux-x86_64-debian-gcc | 0.1.0 | 5.01 | 29.16 | 34.17 | NOTE | |
r-devel-linux-x86_64-fedora-clang | 0.1.0 | 74.64 | NOTE | |||
r-devel-linux-x86_64-fedora-gcc | 0.1.0 | 84.70 | NOTE | |||
r-devel-windows-x86_64 | 0.1.0 | 9.00 | 57.00 | 66.00 | NOTE | |
r-patched-linux-x86_64 | 0.1.0 | 6.88 | 36.84 | 43.72 | NOTE | |
r-release-linux-x86_64 | 0.1.0 | 7.04 | 36.78 | 43.82 | NOTE | |
r-release-macos-arm64 | 0.1.0 | 38.00 | NOTE | |||
r-release-macos-x86_64 | 0.1.0 | 57.00 | NOTE | |||
r-release-windows-x86_64 | 0.1.0 | 10.00 | 60.00 | 70.00 | NOTE | |
r-oldrel-macos-arm64 | 0.1.0 | 32.00 | NOTE | |||
r-oldrel-macos-x86_64 | 0.1.0 | 45.00 | NOTE | |||
r-oldrel-windows-x86_64 | 0.1.0 | 11.00 | 66.00 | 77.00 | NOTE |
Version: 0.1.0
Check: Rd files
Result: NOTE
checkRd: (-1) PakPMICS2018hh.Rd:362: Lost braces in \enumerate; meant \describe ?
checkRd: (-1) PakPMICS2018hh.Rd:363: Lost braces in \enumerate; meant \describe ?
Flavors: r-devel-linux-x86_64-debian-clang, r-devel-linux-x86_64-debian-gcc, r-devel-linux-x86_64-fedora-clang, r-devel-linux-x86_64-fedora-gcc, r-devel-windows-x86_64, r-patched-linux-x86_64, r-release-linux-x86_64, r-release-macos-arm64, r-release-macos-x86_64, r-release-windows-x86_64, r-oldrel-macos-arm64, r-oldrel-macos-x86_64, r-oldrel-windows-x86_64
Version: 0.1.0
Check: installed package size
Result: NOTE
installed size is 5.7Mb
sub-directories of 1Mb or more:
data 5.1Mb
Flavors: r-oldrel-macos-arm64, r-oldrel-macos-x86_64