Last updated on 2025-04-30 13:54:25 CEST.
Flavor | Version | Tinstall | Tcheck | Ttotal | Status | Flags |
---|---|---|---|---|---|---|
r-devel-linux-x86_64-debian-clang | 0.2.0 | 6.55 | 43.68 | 50.23 | OK | |
r-devel-linux-x86_64-debian-gcc | 0.2.0 | 5.00 | 32.42 | 37.42 | OK | |
r-devel-linux-x86_64-fedora-clang | 0.2.0 | 72.16 | OK | |||
r-devel-linux-x86_64-fedora-gcc | 0.2.0 | 67.71 | OK | |||
r-devel-windows-x86_64 | 0.2.0 | 9.00 | 60.00 | 69.00 | OK | |
r-patched-linux-x86_64 | 0.2.0 | 6.44 | 42.15 | 48.59 | OK | |
r-release-linux-x86_64 | 0.2.0 | 7.17 | 41.70 | 48.87 | OK | |
r-release-macos-arm64 | 0.2.0 | 28.00 | OK | |||
r-release-macos-x86_64 | 0.2.0 | 60.00 | OK | |||
r-release-windows-x86_64 | 0.2.0 | 9.00 | 62.00 | 71.00 | OK | |
r-oldrel-macos-arm64 | 0.2.0 | 27.00 | NOTE | |||
r-oldrel-macos-x86_64 | 0.2.0 | 47.00 | NOTE | |||
r-oldrel-windows-x86_64 | 0.2.0 | 10.00 | 71.00 | 81.00 | OK |
Version: 0.2.0
Check: installed package size
Result: NOTE
installed size is 5.0Mb
sub-directories of 1Mb or more:
data 4.9Mb
Flavors: r-oldrel-macos-arm64, r-oldrel-macos-x86_64