CRAN Package Check Results for Package PLFD

Last updated on 2025-04-30 01:50:31 CEST.

Flavor Version Tinstall Tcheck Ttotal Status Flags
r-devel-linux-x86_64-debian-clang 0.2.0 20.02 54.44 74.46 NOTE
r-devel-linux-x86_64-debian-gcc 0.2.0 15.53 37.19 52.72 NOTE
r-devel-linux-x86_64-fedora-clang 0.2.0 128.22 NOTE
r-devel-linux-x86_64-fedora-gcc 0.2.0 136.68 NOTE
r-devel-windows-x86_64 0.2.0 26.00 88.00 114.00 NOTE
r-patched-linux-x86_64 0.2.0 21.40 48.61 70.01 NOTE
r-release-linux-x86_64 0.2.0 20.01 48.79 68.80 NOTE
r-release-macos-arm64 0.2.0 51.00 NOTE
r-release-macos-x86_64 0.2.0 89.00 NOTE
r-release-windows-x86_64 0.2.0 26.00 91.00 117.00 NOTE
r-oldrel-macos-arm64 0.2.0 47.00 NOTE
r-oldrel-macos-x86_64 0.2.0 61.00 NOTE
r-oldrel-windows-x86_64 0.2.0 29.00 117.00 146.00 NOTE

Check Details

Version: 0.2.0
Check: CRAN incoming feasibility
Result: NOTE Maintainer: ‘Zengchao Xu <zengc.xu@aliyun.com>’ Package has help file(s) containing later-stage \Sexpr{} expressions but no 'build/stage23.rdb' file. Flavors: r-devel-linux-x86_64-debian-clang, r-devel-linux-x86_64-debian-gcc

Version: 0.2.0
Check: C++ specification
Result: NOTE Specified C++11: please drop specification unless essential Flavors: r-devel-linux-x86_64-debian-clang, r-devel-linux-x86_64-debian-gcc, r-devel-linux-x86_64-fedora-clang, r-devel-linux-x86_64-fedora-gcc, r-devel-windows-x86_64, r-patched-linux-x86_64, r-release-linux-x86_64, r-release-macos-arm64, r-release-macos-x86_64, r-release-windows-x86_64, r-oldrel-macos-arm64, r-oldrel-macos-x86_64, r-oldrel-windows-x86_64

Version: 0.2.0
Check: examples
Result: NOTE Examples with CPU (user + system) or elapsed time > 5s user system elapsed plfd 5.839 0.01 7.124 Flavor: r-devel-linux-x86_64-debian-clang