Last updated on 2025-07-24 18:53:59 CEST.
Flavor | Version | Tinstall | Tcheck | Ttotal | Status | Flags |
---|---|---|---|---|---|---|
r-devel-linux-x86_64-debian-clang | 0.1.0 | 10.92 | 60.37 | 71.29 | OK | |
r-devel-linux-x86_64-debian-gcc | 0.1.0 | 7.86 | 44.56 | 52.42 | OK | |
r-devel-linux-x86_64-fedora-clang | 0.1.0 | 117.14 | OK | |||
r-devel-linux-x86_64-fedora-gcc | 0.1.0 | 124.56 | OK | |||
r-devel-windows-x86_64 | 0.1.0 | 14.00 | 86.00 | 100.00 | OK | |
r-patched-linux-x86_64 | 0.1.0 | 10.03 | 56.14 | 66.17 | OK | |
r-release-linux-x86_64 | 0.1.0 | 10.04 | 56.24 | 66.28 | OK | |
r-release-macos-arm64 | 0.1.0 | 60.00 | OK | |||
r-release-macos-x86_64 | 0.1.0 | 95.00 | OK | |||
r-release-windows-x86_64 | 0.1.0 | 14.00 | 89.00 | 103.00 | OK | |
r-oldrel-macos-arm64 | 0.1.0 | 66.00 | NOTE | |||
r-oldrel-macos-x86_64 | 0.1.0 | 94.00 | NOTE | |||
r-oldrel-windows-x86_64 | 0.1.0 | 18.00 | 105.00 | 123.00 | OK |
Version: 0.1.0
Check: installed package size
Result: NOTE
installed size is 6.2Mb
sub-directories of 1Mb or more:
data 5.6Mb
Flavors: r-oldrel-macos-arm64, r-oldrel-macos-x86_64