CRAN Package Check Results for Package PFLR

Last updated on 2025-05-01 20:49:47 CEST.

Flavor Version Tinstall Tcheck Ttotal Status Flags
r-devel-linux-x86_64-debian-clang 1.1.0 10.49 108.40 118.89 NOTE
r-devel-linux-x86_64-debian-gcc 1.1.0 7.27 74.96 82.23 OK
r-devel-linux-x86_64-fedora-clang 1.1.0 184.04 OK
r-devel-linux-x86_64-fedora-gcc 1.1.0 179.10 OK
r-devel-windows-x86_64 1.1.0 11.00 114.00 125.00 OK
r-patched-linux-x86_64 1.1.0 9.09 102.47 111.56 OK
r-release-linux-x86_64 OK
r-release-macos-arm64 1.1.0 52.00 OK
r-release-macos-x86_64 1.1.0 97.00 OK
r-release-windows-x86_64 1.1.0 11.00 114.00 125.00 OK
r-oldrel-macos-arm64 1.1.0 56.00 OK
r-oldrel-macos-x86_64 1.1.0 145.00 OK
r-oldrel-windows-x86_64 1.1.0 14.00 150.00 164.00 OK

Check Details

Version: 1.1.0
Check: examples
Result: NOTE Examples with CPU (user + system) or elapsed time > 5s user system elapsed SLoS 3.657 0.064 5.847 summary.slos 3.331 0.052 5.084 Flavor: r-devel-linux-x86_64-debian-clang