CRAN Package Check Results for Package PDQutils

Last updated on 2025-11-12 00:50:39 CET.

Flavor Version Tinstall Tcheck Ttotal Status Flags
r-devel-linux-x86_64-debian-clang 0.1.6 2.44 54.54 56.98 NOTE
r-devel-linux-x86_64-debian-gcc 0.1.6 1.72 41.96 43.68 NOTE
r-devel-linux-x86_64-fedora-clang 0.1.6 86.63 OK
r-devel-linux-x86_64-fedora-gcc 0.1.6 100.20 OK
r-devel-windows-x86_64 0.1.6 3.00 88.00 91.00 OK
r-patched-linux-x86_64 0.1.6 2.55 51.99 54.54 OK
r-release-linux-x86_64 0.1.6 2.20 51.69 53.89 OK
r-release-macos-arm64 0.1.6 1.00 34.00 35.00 OK
r-release-macos-x86_64 0.1.6 2.00 64.00 66.00 OK
r-release-windows-x86_64 0.1.6 3.00 85.00 88.00 OK
r-oldrel-macos-arm64 0.1.6 1.00 32.00 33.00 OK
r-oldrel-macos-x86_64 0.1.6 3.00 100.00 103.00 OK
r-oldrel-windows-x86_64 0.1.6 4.00 98.00 102.00 OK

Check Details

Version: 0.1.6
Check: CRAN incoming feasibility
Result: NOTE Maintainer: ‘Steven E. Pav <shabbychef@gmail.com>’ Package CITATION file contains call(s) to old-style citEntry(). Please use bibentry() instead. Flavors: r-devel-linux-x86_64-debian-clang, r-devel-linux-x86_64-debian-gcc