Last updated on 2024-06-29 23:49:59 CEST.
Flavor | Version | Tinstall | Tcheck | Ttotal | Status | Flags |
---|---|---|---|---|---|---|
r-devel-linux-x86_64-debian-clang | 0.0.1 | 92.81 | 92.73 | 185.54 | OK | |
r-devel-linux-x86_64-debian-gcc | 0.0.1 | 79.47 | 65.26 | 144.73 | OK | |
r-devel-linux-x86_64-fedora-clang | 0.0.1 | 227.78 | OK | |||
r-devel-linux-x86_64-fedora-gcc | 0.0.1 | 284.46 | OK | |||
r-devel-windows-x86_64 | 0.0.1 | 66.00 | 93.00 | 159.00 | OK | |
r-patched-linux-x86_64 | 0.0.1 | 80.98 | 100.70 | 181.68 | OK | |
r-release-linux-x86_64 | 0.0.1 | 95.95 | 98.94 | 194.89 | OK | |
r-release-macos-arm64 | 0.0.1 | 53.00 | NOTE | |||
r-release-macos-x86_64 | 0.0.1 | 92.00 | NOTE | |||
r-release-windows-x86_64 | 0.0.1 | 63.00 | 98.00 | 161.00 | OK | |
r-oldrel-macos-arm64 | 0.0.1 | 82.00 | NOTE | |||
r-oldrel-macos-x86_64 | 0.0.1 | 114.00 | NOTE | |||
r-oldrel-windows-x86_64 | 0.0.1 | 78.00 | 120.00 | 198.00 | OK |
Version: 0.0.1
Check: installed package size
Result: NOTE
installed size is 36.6Mb
sub-directories of 1Mb or more:
libs 36.4Mb
Flavors: r-release-macos-arm64, r-release-macos-x86_64, r-oldrel-macos-arm64, r-oldrel-macos-x86_64