Last updated on 2025-05-08 22:50:28 CEST.
Flavor | Version | Tinstall | Tcheck | Ttotal | Status | Flags |
---|---|---|---|---|---|---|
r-devel-linux-x86_64-debian-clang | 0.3.3 | 2.20 | 38.02 | 40.22 | NOTE | |
r-devel-linux-x86_64-debian-gcc | 0.3.3 | 1.62 | 29.95 | 31.57 | NOTE | |
r-devel-linux-x86_64-fedora-clang | 0.3.3 | 62.26 | OK | |||
r-devel-linux-x86_64-fedora-gcc | 0.3.3 | 74.19 | OK | |||
r-devel-windows-x86_64 | 0.3.3 | 3.00 | 60.00 | 63.00 | OK | |
r-patched-linux-x86_64 | 0.3.3 | 2.23 | 37.60 | 39.83 | OK | |
r-release-linux-x86_64 | 0.3.3 | 1.91 | 37.45 | 39.36 | OK | |
r-release-macos-arm64 | 0.3.3 | 41.00 | OK | |||
r-release-macos-x86_64 | 0.3.3 | 59.00 | OK | |||
r-release-windows-x86_64 | 0.3.3 | 3.00 | 62.00 | 65.00 | OK | |
r-oldrel-macos-arm64 | 0.3.3 | 29.00 | OK | |||
r-oldrel-macos-x86_64 | 0.3.3 | 42.00 | OK | |||
r-oldrel-windows-x86_64 | 0.3.3 | 3.00 | 71.00 | 74.00 | OK |
Version: 0.3.3
Check: CRAN incoming feasibility
Result: NOTE
Maintainer: ‘Derek W. Brown <derek9@gwmail.gwu.edu>’
Package CITATION file contains call(s) to old-style personList() or
as.personList(). Please use c() on person objects instead.
Package CITATION file contains call(s) to old-style citEntry(). Please
use bibentry() instead.
Flavors: r-devel-linux-x86_64-debian-clang, r-devel-linux-x86_64-debian-gcc