CRAN Package Check Results for Package One4All

Last updated on 2025-07-24 12:51:32 CEST.

Flavor Version Tinstall Tcheck Ttotal Status Flags
r-devel-linux-x86_64-debian-clang 0.5 11.20 100.78 111.98 NOTE
r-devel-linux-x86_64-debian-gcc 0.5 6.79 68.89 75.68 NOTE
r-devel-linux-x86_64-fedora-clang 0.5 176.59 NOTE
r-devel-linux-x86_64-fedora-gcc 0.5 189.48 NOTE
r-devel-windows-x86_64 0.5 14.00 125.00 139.00 NOTE
r-patched-linux-x86_64 0.5 9.84 91.53 101.37 NOTE
r-release-linux-x86_64 0.5 9.46 92.06 101.52 NOTE
r-release-macos-arm64 0.5 63.00 NOTE
r-release-macos-x86_64 0.5 112.00 NOTE
r-release-windows-x86_64 0.5 15.00 127.00 142.00 NOTE
r-oldrel-macos-arm64 0.5 67.00 OK
r-oldrel-macos-x86_64 0.5 168.00 OK
r-oldrel-windows-x86_64 0.5 19.00 155.00 174.00 OK

Check Details

Version: 0.5
Check: DESCRIPTION meta-information
Result: NOTE Missing dependency on R >= 4.1.0 because package code uses the pipe |> or function shorthand \(...) syntax added in R 4.1.0. File(s) using such syntax: ‘global.R’ Flavors: r-devel-linux-x86_64-debian-clang, r-devel-linux-x86_64-debian-gcc, r-devel-linux-x86_64-fedora-clang, r-devel-linux-x86_64-fedora-gcc, r-devel-windows-x86_64, r-patched-linux-x86_64, r-release-linux-x86_64, r-release-macos-arm64, r-release-macos-x86_64, r-release-windows-x86_64