Last updated on 2025-05-04 21:51:18 CEST.
Flavor | Version | Tinstall | Tcheck | Ttotal | Status | Flags |
---|---|---|---|---|---|---|
r-devel-linux-x86_64-debian-clang | 2.0.2 | 2.38 | 23.84 | 26.22 | NOTE | |
r-devel-linux-x86_64-debian-gcc | 2.0.2 | 1.69 | 17.89 | 19.58 | NOTE | |
r-devel-linux-x86_64-fedora-clang | 2.0.2 | 40.66 | OK | |||
r-devel-linux-x86_64-fedora-gcc | 2.0.2 | 39.13 | OK | |||
r-devel-windows-x86_64 | 2.0.2 | 3.00 | 45.00 | 48.00 | OK | |
r-patched-linux-x86_64 | 2.0.2 | 2.19 | 22.53 | 24.72 | OK | |
r-release-linux-x86_64 | 2.0.2 | 2.05 | 22.80 | 24.85 | OK | |
r-release-macos-arm64 | 2.0.2 | 16.00 | OK | |||
r-release-macos-x86_64 | 2.0.2 | 27.00 | OK | |||
r-release-windows-x86_64 | 2.0.2 | 4.00 | 46.00 | 50.00 | OK | |
r-oldrel-macos-arm64 | 2.0.2 | 15.00 | OK | |||
r-oldrel-macos-x86_64 | 2.0.2 | 24.00 | OK | |||
r-oldrel-windows-x86_64 | 2.0.2 | 4.00 | 45.00 | 49.00 | OK |
Version: 2.0.2
Check: CRAN incoming feasibility
Result: NOTE
Maintainer: ‘Rudradev Sengupta <rudradev.sengupta@uhasselt.be>’
No Authors@R field in DESCRIPTION.
Please add one, modifying
Authors@R: c(person(given = "Adetayo",
family = "Kasim",
role = "aut"),
person(given = "Martin",
family = "Otava",
role = "aut"),
person(given = "Tobias",
family = "Verbeke",
role = "aut"),
person(given = "Rudradev",
family = "Sengupta",
role = "cre",
email = "rudradev.sengupta@uhasselt.be"))
as necessary.
Flavors: r-devel-linux-x86_64-debian-clang, r-devel-linux-x86_64-debian-gcc