Last updated on 2024-08-24 16:49:05 CEST.
Flavor | Version | Tinstall | Tcheck | Ttotal | Status | Flags |
---|---|---|---|---|---|---|
r-devel-linux-x86_64-debian-clang | 1.9.7 | 320.15 | 94.62 | 414.77 | OK | |
r-devel-linux-x86_64-debian-gcc | 1.9.7 | 208.79 | 70.58 | 279.37 | OK | |
r-devel-linux-x86_64-fedora-clang | 1.9.7 | 1101.50 | NOTE | |||
r-devel-linux-x86_64-fedora-gcc | 1.9.7 | 852.06 | OK | |||
r-devel-windows-x86_64 | 1.9.7 | 346.00 | 116.00 | 462.00 | NOTE | |
r-patched-linux-x86_64 | 1.9.7 | 298.54 | 92.38 | 390.92 | OK | |
r-release-linux-x86_64 | 1.9.7 | 300.53 | 92.47 | 393.00 | OK | |
r-release-macos-arm64 | 1.9.7 | 196.00 | NOTE | |||
r-release-macos-x86_64 | 1.9.7 | 149.00 | NOTE | |||
r-release-windows-x86_64 | 1.9.7 | 358.00 | 116.00 | 474.00 | NOTE | |
r-oldrel-macos-arm64 | 1.9.7 | 176.00 | NOTE | |||
r-oldrel-macos-x86_64 | 1.9.7 | 190.00 | NOTE | |||
r-oldrel-windows-x86_64 | 1.9.7 | 342.00 | 141.00 | 483.00 | NOTE |
Version: 1.9.7
Check: installed package size
Result: NOTE
installed size is 6.5Mb
sub-directories of 1Mb or more:
doc 5.3Mb
Flavors: r-devel-linux-x86_64-fedora-clang, r-devel-windows-x86_64, r-release-macos-arm64, r-release-macos-x86_64, r-release-windows-x86_64, r-oldrel-macos-arm64, r-oldrel-macos-x86_64, r-oldrel-windows-x86_64