Last updated on 2024-06-29 11:49:18 CEST.
Flavor | Version | Tinstall | Tcheck | Ttotal | Status | Flags |
---|---|---|---|---|---|---|
r-devel-linux-x86_64-debian-clang | 0.8 | 22.72 | 188.87 | 211.59 | NOTE | --no-vignettes |
r-devel-linux-x86_64-debian-gcc | 0.8 | 22.46 | 136.67 | 159.13 | NOTE | --no-vignettes |
r-devel-linux-x86_64-fedora-clang | 0.8 | 267.33 | NOTE | |||
r-devel-linux-x86_64-fedora-gcc | 0.8 | 247.08 | NOTE | |||
r-devel-windows-x86_64 | 0.8 | 23.00 | 140.00 | 163.00 | NOTE | |
r-patched-linux-x86_64 | 0.8 | 26.58 | 173.55 | 200.13 | NOTE | --no-vignettes |
r-release-linux-x86_64 | 0.8 | 21.72 | 178.81 | 200.53 | NOTE | --no-vignettes |
r-release-macos-arm64 | 0.8 | 68.00 | NOTE | |||
r-release-macos-x86_64 | 0.8 | 100.00 | NOTE | |||
r-release-windows-x86_64 | 0.8 | 24.00 | 138.00 | 162.00 | NOTE | |
r-oldrel-macos-arm64 | 0.8 | 78.00 | NOTE | |||
r-oldrel-macos-x86_64 | 0.8 | 125.00 | NOTE | |||
r-oldrel-windows-x86_64 | 0.8 | 29.00 | 170.00 | 199.00 | NOTE |
Version: 0.8
Flags: --no-vignettes
Check: Rd files
Result: NOTE
checkRd: (-1) NetworkChange.Rd:163: Escaped LaTeX specials: \&
checkRd: (-1) NetworkChangeRobust.Rd:144: Escaped LaTeX specials: \&
checkRd: (-1) NetworkStatic.Rd:142: Escaped LaTeX specials: \&
Flavors: r-devel-linux-x86_64-debian-clang, r-devel-linux-x86_64-debian-gcc, r-patched-linux-x86_64, r-release-linux-x86_64
Version: 0.8
Check: Rd files
Result: NOTE
checkRd: (-1) NetworkChange.Rd:163: Escaped LaTeX specials: \&
checkRd: (-1) NetworkChangeRobust.Rd:144: Escaped LaTeX specials: \&
checkRd: (-1) NetworkStatic.Rd:142: Escaped LaTeX specials: \&
Flavors: r-devel-linux-x86_64-fedora-clang, r-devel-linux-x86_64-fedora-gcc, r-devel-windows-x86_64, r-release-macos-arm64, r-release-macos-x86_64, r-release-windows-x86_64, r-oldrel-macos-arm64, r-oldrel-macos-x86_64, r-oldrel-windows-x86_64