Last updated on 2025-04-30 07:55:14 CEST.
Flavor | Version | Tinstall | Tcheck | Ttotal | Status | Flags |
---|---|---|---|---|---|---|
r-devel-linux-x86_64-debian-clang | 0.2 | 4.01 | 31.58 | 35.59 | NOTE | |
r-devel-linux-x86_64-debian-gcc | 0.2 | 2.75 | 23.68 | 26.43 | NOTE | |
r-devel-linux-x86_64-fedora-clang | 0.2 | 55.08 | OK | |||
r-devel-linux-x86_64-fedora-gcc | 0.2 | 52.70 | OK | |||
r-devel-windows-x86_64 | 0.2 | 5.00 | 51.00 | 56.00 | OK | |
r-patched-linux-x86_64 | 0.2 | 2.38 | 30.20 | 32.58 | OK | |
r-release-linux-x86_64 | 0.2 | 3.74 | 29.89 | 33.63 | OK | |
r-release-macos-arm64 | 0.2 | 21.00 | OK | |||
r-release-macos-x86_64 | 0.2 | 58.00 | OK | |||
r-release-windows-x86_64 | 0.2 | 5.00 | 53.00 | 58.00 | OK | |
r-oldrel-macos-arm64 | 0.2 | 19.00 | OK | |||
r-oldrel-macos-x86_64 | 0.2 | 52.00 | OK | |||
r-oldrel-windows-x86_64 | 0.2 | 5.00 | 54.00 | 59.00 | OK |
Version: 0.2
Check: CRAN incoming feasibility
Result: NOTE
Maintainer: ‘Sean J Westwood <seanjw@stanford.edu>’
No Authors@R field in DESCRIPTION.
Please add one, modifying
Authors@R: c(person(given = "Mike",
family = "Nowak",
role = "aut",
email = "michael.nowak@gmail.com"),
person(given = "Solomon",
family = "Messing",
role = "aut",
email = "solomon.messing@gmail.com"),
person(given = c("Sean", "J"),
family = "Westwood",
role = c("aut", "cre"),
email = "seanjw@stanford.edu"),
person(given = "Dan",
family = "McFarland",
role = "aut",
email = "dmcfarla@stanford.edu"))
as necessary.
Flavors: r-devel-linux-x86_64-debian-clang, r-devel-linux-x86_64-debian-gcc