Last updated on 2024-06-29 11:49:18 CEST.
Flavor | Version | Tinstall | Tcheck | Ttotal | Status | Flags |
---|---|---|---|---|---|---|
r-devel-linux-x86_64-debian-clang | 1.2.1 | 168.70 | 55.19 | 223.89 | NOTE | |
r-devel-linux-x86_64-debian-gcc | 1.2.1 | 104.97 | 41.25 | 146.22 | NOTE | |
r-devel-linux-x86_64-fedora-clang | 1.2.1 | 355.89 | NOTE | |||
r-devel-linux-x86_64-fedora-gcc | 1.2.1 | 331.13 | NOTE | |||
r-devel-windows-x86_64 | 1.2.1 | 138.00 | 82.00 | 220.00 | NOTE | |
r-patched-linux-x86_64 | 1.2.1 | 136.06 | 51.22 | 187.28 | NOTE | |
r-release-linux-x86_64 | 1.2.1 | 140.60 | 52.33 | 192.93 | NOTE | |
r-release-macos-arm64 | 1.2.1 | 58.00 | NOTE | |||
r-release-macos-x86_64 | 1.2.1 | 63.00 | NOTE | |||
r-release-windows-x86_64 | 1.2.1 | 134.00 | 82.00 | 216.00 | NOTE | |
r-oldrel-macos-arm64 | 1.2.1 | 78.00 | NOTE | |||
r-oldrel-macos-x86_64 | 1.2.1 | 128.00 | NOTE | |||
r-oldrel-windows-x86_64 | 1.2.1 | 165.00 | 94.00 | 259.00 | NOTE |
Version: 1.2.1
Check: C++ specification
Result: NOTE
Specified C++11: please drop specification unless essential
Flavors: r-devel-linux-x86_64-debian-clang, r-devel-linux-x86_64-debian-gcc, r-devel-linux-x86_64-fedora-clang, r-devel-linux-x86_64-fedora-gcc, r-devel-windows-x86_64, r-patched-linux-x86_64, r-release-linux-x86_64, r-release-macos-arm64, r-release-macos-x86_64, r-release-windows-x86_64, r-oldrel-macos-arm64, r-oldrel-macos-x86_64, r-oldrel-windows-x86_64
Version: 1.2.1
Check: LazyData
Result: NOTE
'LazyData' is specified without a 'data' directory
Flavors: r-devel-linux-x86_64-debian-clang, r-devel-linux-x86_64-debian-gcc, r-devel-linux-x86_64-fedora-clang, r-devel-linux-x86_64-fedora-gcc, r-devel-windows-x86_64, r-patched-linux-x86_64, r-release-linux-x86_64, r-release-macos-arm64, r-release-macos-x86_64, r-release-windows-x86_64, r-oldrel-macos-arm64, r-oldrel-macos-x86_64, r-oldrel-windows-x86_64
Version: 1.2.1
Check: for GNU extensions in Makefiles
Result: NOTE
GNU make is a SystemRequirements.
Flavors: r-devel-linux-x86_64-debian-clang, r-devel-linux-x86_64-debian-gcc, r-devel-linux-x86_64-fedora-clang, r-devel-linux-x86_64-fedora-gcc, r-devel-windows-x86_64, r-patched-linux-x86_64, r-release-linux-x86_64, r-release-macos-arm64, r-release-macos-x86_64, r-release-windows-x86_64, r-oldrel-macos-arm64, r-oldrel-macos-x86_64, r-oldrel-windows-x86_64