Last updated on 2024-06-29 11:49:18 CEST.
Flavor | Version | Tinstall | Tcheck | Ttotal | Status | Flags |
---|---|---|---|---|---|---|
r-devel-linux-x86_64-debian-clang | 0.5 | 56.02 | 69.98 | 126.00 | NOTE | |
r-devel-linux-x86_64-debian-gcc | 0.5 | 36.83 | 51.69 | 88.52 | NOTE | |
r-devel-linux-x86_64-fedora-clang | 0.5 | 178.43 | NOTE | |||
r-devel-linux-x86_64-fedora-gcc | 0.5 | 164.56 | NOTE | |||
r-devel-windows-x86_64 | 0.5 | 49.00 | 90.00 | 139.00 | NOTE | |
r-patched-linux-x86_64 | 0.5 | 47.67 | 65.27 | 112.94 | NOTE | |
r-release-linux-x86_64 | 0.5 | 37.37 | 66.16 | 103.53 | NOTE | |
r-release-macos-arm64 | 0.5 | 46.00 | NOTE | |||
r-release-macos-x86_64 | 0.5 | 58.00 | NOTE | |||
r-release-windows-x86_64 | 0.5 | 50.00 | 89.00 | 139.00 | NOTE | |
r-oldrel-macos-arm64 | 0.5 | 50.00 | OK | |||
r-oldrel-macos-x86_64 | 0.5 | 81.00 | OK | |||
r-oldrel-windows-x86_64 | 0.5 | 58.00 | 108.00 | 166.00 | OK |
Version: 0.5
Check: Rd files
Result: NOTE
checkRd: (-1) Lcm.Rd:75: Lost braces
75 | \item{\code{GetTrace()}:}{retrieve all traced iterations. Returns a list with all the parameters set using the method SetTrace(). See description of snapshot{reference} method for a description of the parameters. }
| ^
Flavors: r-devel-linux-x86_64-debian-clang, r-devel-linux-x86_64-debian-gcc, r-devel-linux-x86_64-fedora-clang, r-devel-linux-x86_64-fedora-gcc, r-devel-windows-x86_64, r-patched-linux-x86_64, r-release-linux-x86_64, r-release-macos-arm64, r-release-macos-x86_64, r-release-windows-x86_64