Last updated on 2025-05-04 21:51:17 CEST.
Flavor | Version | Tinstall | Tcheck | Ttotal | Status | Flags |
---|---|---|---|---|---|---|
r-devel-linux-x86_64-debian-clang | 0.9-13 | 1.52 | 18.25 | 19.77 | NOTE | |
r-devel-linux-x86_64-debian-gcc | 0.9-13 | 1.28 | 13.90 | 15.18 | NOTE | |
r-devel-linux-x86_64-fedora-clang | 0.9-13 | 30.41 | OK | |||
r-devel-linux-x86_64-fedora-gcc | 0.9-13 | 30.29 | OK | |||
r-devel-windows-x86_64 | 0.9-13 | 3.00 | 43.00 | 46.00 | OK | |
r-patched-linux-x86_64 | 0.9-13 | 1.89 | 17.08 | 18.97 | OK | |
r-release-linux-x86_64 | 0.9-13 | 1.60 | 17.00 | 18.60 | OK | |
r-release-macos-arm64 | 0.9-13 | 17.00 | OK | |||
r-release-macos-x86_64 | 0.9-13 | 27.00 | OK | |||
r-release-windows-x86_64 | 0.9-13 | 4.00 | 47.00 | 51.00 | OK | |
r-oldrel-macos-arm64 | 0.9-13 | 15.00 | OK | |||
r-oldrel-macos-x86_64 | 0.9-13 | 22.00 | OK | |||
r-oldrel-windows-x86_64 | 0.9-13 | 2.00 | 44.00 | 46.00 | OK |
Version: 0.9-13
Check: CRAN incoming feasibility
Result: NOTE
Maintainer: ‘Douglas Bates <bates@stat.wisc.edu>’
No Authors@R field in DESCRIPTION.
Please add one, modifying
Authors@R: c(person(given = c("original", "from", "National", "Institutes", "for"),
family = "Standards",
role = "aut"),
person(given = c("Technology", "http://www.itl.nist.gov/div898/strd/nls/nls_main.shtml", "R", "port", "by", "Douglas"),
family = "Bates",
role = "aut",
email = "bates@stat.wisc.edu",
comment = "NIST"),
person(given = "Douglas",
family = "Bates",
role = "cre",
email = "bates@stat.wisc.edu"))
as necessary.
Flavors: r-devel-linux-x86_64-debian-clang, r-devel-linux-x86_64-debian-gcc