Last updated on 2024-06-29 11:49:18 CEST.
Flavor | Version | Tinstall | Tcheck | Ttotal | Status | Flags |
---|---|---|---|---|---|---|
r-devel-linux-x86_64-debian-clang | 0.8.3 | 70.32 | 367.02 | 437.34 | OK | |
r-devel-linux-x86_64-debian-gcc | 0.8.3 | 51.77 | 262.36 | 314.13 | OK | |
r-devel-linux-x86_64-fedora-clang | 0.8.3 | 545.20 | NOTE | |||
r-devel-linux-x86_64-fedora-gcc | 0.8.3 | 530.16 | OK | |||
r-devel-windows-x86_64 | 0.8.3 | 57.00 | 234.00 | 291.00 | NOTE | |
r-patched-linux-x86_64 | 0.8.3 | 68.06 | 348.48 | 416.54 | OK | |
r-release-linux-x86_64 | 0.8.3 | 62.78 | 347.49 | 410.27 | OK | |
r-release-macos-arm64 | 0.8.3 | 129.00 | NOTE | |||
r-release-macos-x86_64 | 0.8.3 | 212.00 | NOTE | |||
r-release-windows-x86_64 | 0.8.3 | 58.00 | 241.00 | 299.00 | NOTE | |
r-oldrel-macos-arm64 | 0.8.3 | 137.00 | NOTE | |||
r-oldrel-macos-x86_64 | 0.8.3 | 273.00 | NOTE | |||
r-oldrel-windows-x86_64 | 0.8.3 | 74.00 | 329.00 | 403.00 | NOTE |
Version: 0.8.3
Check: installed package size
Result: NOTE
installed size is 5.3Mb
sub-directories of 1Mb or more:
doc 2.7Mb
help 2.2Mb
Flavors: r-devel-linux-x86_64-fedora-clang, r-devel-windows-x86_64, r-release-macos-arm64, r-release-macos-x86_64, r-release-windows-x86_64, r-oldrel-macos-arm64, r-oldrel-macos-x86_64, r-oldrel-windows-x86_64