Last updated on 2025-05-02 14:50:32 CEST.
Flavor | Version | Tinstall | Tcheck | Ttotal | Status | Flags |
---|---|---|---|---|---|---|
r-devel-linux-x86_64-debian-clang | 0.2.0 | 2.22 | 34.78 | 37.00 | NOTE | |
r-devel-linux-x86_64-debian-gcc | 0.2.0 | 1.69 | 24.57 | 26.26 | NOTE | |
r-devel-linux-x86_64-fedora-clang | 0.2.0 | 58.02 | OK | |||
r-devel-linux-x86_64-fedora-gcc | 0.2.0 | 56.00 | OK | |||
r-devel-windows-x86_64 | 0.2.0 | 3.00 | 54.00 | 57.00 | OK | |
r-patched-linux-x86_64 | 0.2.0 | 2.34 | 33.23 | 35.57 | OK | |
r-release-linux-x86_64 | OK | |||||
r-release-macos-arm64 | 0.2.0 | 22.00 | OK | |||
r-release-macos-x86_64 | 0.2.0 | 36.00 | OK | |||
r-release-windows-x86_64 | 0.2.0 | 4.00 | 58.00 | 62.00 | OK | |
r-oldrel-macos-arm64 | 0.2.0 | 20.00 | OK | |||
r-oldrel-macos-x86_64 | 0.2.0 | 30.00 | OK | |||
r-oldrel-windows-x86_64 | 0.2.0 | 4.00 | 61.00 | 65.00 | OK |
Version: 0.2.0
Check: CRAN incoming feasibility
Result: NOTE
Maintainer: ‘Pedro Araujo <pharaujo1094@gmail.com>’
No Authors@R field in DESCRIPTION.
Please add one, modifying
Authors@R: c(person(given = c("Pedro", "Araujo", "Gustavo", "Lacerda", "<gustavolacerdas@gmail.com>", "Peter", "C.B.", "Phillips", "<peter.phillips@yale.edu>", "Shu-Ping", "Shi"),
family = "<shuping.shi@mq.edu.au>",
role = "aut",
email = "shuping.shi@mq.edu.au"),
person(given = "Pedro",
family = "Araujo",
role = "cre",
email = "pharaujo1094@gmail.com"))
as necessary.
Found the following \keyword or \concept entries
which likely give several index terms:
File ‘sadf.Rd’:
\keyword{AugmentedDickey-FullerTest,}
Flavors: r-devel-linux-x86_64-debian-clang, r-devel-linux-x86_64-debian-gcc