CRAN Package Check Results for Package Morphoscape

Last updated on 2025-04-30 19:50:08 CEST.

Flavor Version Tinstall Tcheck Ttotal Status Flags
r-devel-linux-x86_64-debian-clang 1.0.2 12.66 148.33 160.99 NOTE
r-devel-linux-x86_64-debian-gcc 1.0.2 9.23 108.92 118.15 NOTE
r-devel-linux-x86_64-fedora-clang 1.0.2 236.01 OK
r-devel-linux-x86_64-fedora-gcc 1.0.2 245.23 OK
r-devel-windows-x86_64 1.0.2 14.00 142.00 156.00 NOTE
r-patched-linux-x86_64 1.0.2 13.12 142.15 155.27 NOTE
r-release-linux-x86_64 1.0.2 10.84 141.39 152.23 NOTE
r-release-macos-arm64 1.0.2 66.00 OK
r-release-macos-x86_64 1.0.2 126.00 OK
r-release-windows-x86_64 1.0.2 14.00 141.00 155.00 NOTE
r-oldrel-macos-arm64 1.0.2 68.00 OK
r-oldrel-macos-x86_64 1.0.2 101.00 OK
r-oldrel-windows-x86_64 1.0.2 18.00 183.00 201.00 OK

Check Details

Version: 1.0.2
Check: Rd cross-references
Result: NOTE Found the following Rd file(s) with Rd \link{} targets missing package anchors: calcPoly.Rd: surf.gls, expcov, surf.ls, trmat resample_grid.Rd: ahull, concaveman, inahull Please provide package anchors for all Rd \link{} targets not in the package itself and the base packages. Flavors: r-devel-linux-x86_64-debian-clang, r-devel-linux-x86_64-debian-gcc, r-devel-windows-x86_64, r-patched-linux-x86_64, r-release-linux-x86_64, r-release-windows-x86_64

Version: 1.0.2
Check: examples
Result: NOTE Examples with CPU (user + system) or elapsed time > 5s user system elapsed krige_surf 6.056 0.081 7.404 Flavor: r-devel-linux-x86_64-debian-clang

Version: 1.0.2
Check: examples
Result: NA user system elapsed krige_surf 3.857 0.092 5.577 OK Flavor: r-devel-linux-x86_64-debian-gcc