Last updated on 2025-04-30 07:55:13 CEST.
Flavor | Version | Tinstall | Tcheck | Ttotal | Status | Flags |
---|---|---|---|---|---|---|
r-devel-linux-x86_64-debian-clang | 0.1.0 | 6.78 | 85.49 | 92.27 | NOTE | |
r-devel-linux-x86_64-debian-gcc | 0.1.0 | 4.82 | 57.78 | 62.60 | NOTE | |
r-devel-linux-x86_64-fedora-clang | 0.1.0 | 155.89 | OK | |||
r-devel-linux-x86_64-fedora-gcc | 0.1.0 | 152.66 | OK | |||
r-devel-windows-x86_64 | 0.1.0 | 10.00 | 107.00 | 117.00 | OK | |
r-patched-linux-x86_64 | 0.1.0 | 8.66 | 79.58 | 88.24 | OK | |
r-release-linux-x86_64 | 0.1.0 | 6.98 | 78.53 | 85.51 | OK | |
r-release-macos-arm64 | 0.1.0 | 5.00 | ERROR | |||
r-release-macos-x86_64 | 0.1.0 | 6.00 | ERROR | |||
r-release-windows-x86_64 | 0.1.0 | 9.00 | 106.00 | 115.00 | OK | |
r-oldrel-macos-arm64 | 0.1.0 | 45.00 | OK | |||
r-oldrel-macos-x86_64 | 0.1.0 | 66.00 | OK | |||
r-oldrel-windows-x86_64 | 0.1.0 | 12.00 | 129.00 | 141.00 | OK |
Version: 0.1.0
Check: CRAN incoming feasibility
Result: NOTE
Maintainer: ‘Thi Huyen Nguyen <thihuyen.nguyen@uhasselt.be>’
The BugReports field in DESCRIPTION has
https://github.com/N-T-Huyen/MicrobiomeSurv/issues/new
which should likely be
https://github.com/N-T-Huyen/MicrobiomeSurv/issues/new/issues
instead.
Flavors: r-devel-linux-x86_64-debian-clang, r-devel-linux-x86_64-debian-gcc
Version: 0.1.0
Check: examples
Result: NOTE
Examples with CPU (user + system) or elapsed time > 5s
user system elapsed
SummaryData 6.745 0.228 9.673
Flavor: r-devel-linux-x86_64-debian-clang
Version: 0.1.0
Check: examples
Result: NOTE
Examples with CPU (user + system) or elapsed time > 5s
user system elapsed
SummaryData 4.244 0.253 5.65
Flavor: r-devel-linux-x86_64-debian-gcc
Version: 0.1.0
Check: package dependencies
Result: ERROR
Package required but not available: ‘microbiome’
See section ‘The DESCRIPTION file’ in the ‘Writing R Extensions’
manual.
Flavors: r-release-macos-arm64, r-release-macos-x86_64