Last updated on 2025-05-08 10:52:45 CEST.
Flavor | Version | Tinstall | Tcheck | Ttotal | Status | Flags |
---|---|---|---|---|---|---|
r-devel-linux-x86_64-debian-clang | 1.1.3 | 3.34 | 32.81 | 36.15 | OK | |
r-devel-linux-x86_64-debian-gcc | 1.1.3 | 2.55 | 23.84 | 26.39 | OK | |
r-devel-linux-x86_64-fedora-clang | 1.1.3 | 57.64 | NOTE | |||
r-devel-linux-x86_64-fedora-gcc | 1.1.3 | 55.66 | NOTE | |||
r-devel-windows-x86_64 | 1.1.3 | 5.00 | 50.00 | 55.00 | OK | |
r-patched-linux-x86_64 | 1.1.3 | 4.15 | 31.20 | 35.35 | OK | |
r-release-linux-x86_64 | 1.1.3 | 3.57 | 30.87 | 34.44 | OK | |
r-release-macos-arm64 | 1.1.3 | 23.00 | OK | |||
r-release-macos-x86_64 | 1.1.3 | 37.00 | OK | |||
r-release-windows-x86_64 | 1.1.3 | 5.00 | 51.00 | 56.00 | OK | |
r-oldrel-macos-arm64 | 1.1.3 | 20.00 | OK | |||
r-oldrel-macos-x86_64 | 1.1.3 | 28.00 | OK | |||
r-oldrel-windows-x86_64 | 1.1.3 | 7.00 | 59.00 | 66.00 | OK |
Version: 1.1.3
Check: dependencies in R code
Result: NOTE
Namespace in Imports field not imported from: ‘qpdf’
All declared Imports should be used.
Flavors: r-devel-linux-x86_64-fedora-clang, r-devel-linux-x86_64-fedora-gcc