Last updated on 2025-02-21 13:50:56 CET.
Flavor | Version | Tinstall | Tcheck | Ttotal | Status | Flags |
---|---|---|---|---|---|---|
r-devel-linux-x86_64-debian-clang | 1.0.0 | 6.56 | 38.22 | 44.78 | OK | |
r-devel-linux-x86_64-debian-gcc | 1.0.0 | 4.21 | 27.92 | 32.13 | OK | |
r-devel-linux-x86_64-fedora-clang | 1.0.0 | 76.95 | NOTE | |||
r-devel-linux-x86_64-fedora-gcc | 1.0.0 | 84.44 | NOTE | |||
r-devel-macos-arm64 | 1.0.0 | 27.00 | OK | |||
r-devel-macos-x86_64 | 1.0.0 | 53.00 | OK | |||
r-devel-windows-x86_64 | 1.0.0 | 9.00 | 63.00 | 72.00 | OK | |
r-patched-linux-x86_64 | 1.0.0 | 6.46 | 36.20 | 42.66 | OK | |
r-release-linux-x86_64 | 1.0.0 | 5.31 | 36.49 | 41.80 | OK | |
r-release-macos-arm64 | 1.0.0 | 30.00 | OK | |||
r-release-macos-x86_64 | 1.0.0 | 51.00 | OK | |||
r-release-windows-x86_64 | 1.0.0 | 10.00 | 55.00 | 65.00 | OK | |
r-oldrel-macos-arm64 | 1.0.0 | 34.00 | OK | |||
r-oldrel-macos-x86_64 | 1.0.0 | 51.00 | OK | |||
r-oldrel-windows-x86_64 | 1.0.0 | 10.00 | 80.00 | 90.00 | OK |
Version: 1.0.0
Check: dependencies in R code
Result: NOTE
Namespace in Imports field not imported from: ‘shinyBS’
All declared Imports should be used.
Flavors: r-devel-linux-x86_64-fedora-clang, r-devel-linux-x86_64-fedora-gcc