Last updated on 2025-11-11 18:49:58 CET.
| Flavor | Version | Tinstall | Tcheck | Ttotal | Status | Flags |
|---|---|---|---|---|---|---|
| r-devel-linux-x86_64-debian-clang | 0.5-4 | 9.04 | 65.79 | 74.83 | OK | |
| r-devel-linux-x86_64-debian-gcc | 0.5-4 | 6.77 | 49.69 | 56.46 | OK | |
| r-devel-linux-x86_64-fedora-clang | 0.5-4 | 20.00 | 94.22 | 114.22 | OK | |
| r-devel-linux-x86_64-fedora-gcc | 0.5-4 | 22.00 | 86.90 | 108.90 | OK | |
| r-devel-windows-x86_64 | 0.5-4 | 10.00 | 77.00 | 87.00 | OK | |
| r-patched-linux-x86_64 | 0.5-4 | 10.34 | 63.60 | 73.94 | OK | |
| r-release-linux-x86_64 | 0.5-4 | 9.09 | 62.99 | 72.08 | OK | |
| r-release-macos-arm64 | 0.5-4 | 4.00 | 34.00 | 38.00 | OK | |
| r-release-macos-x86_64 | 0.5-4 | 9.00 | 88.00 | 97.00 | OK | |
| r-release-windows-x86_64 | 0.5-4 | 11.00 | 76.00 | 87.00 | OK | |
| r-oldrel-macos-arm64 | 0.5-4 | 4.00 | 35.00 | 39.00 | NOTE | |
| r-oldrel-macos-x86_64 | 0.5-4 | 17.00 | 70.00 | 87.00 | NOTE | |
| r-oldrel-windows-x86_64 | 0.5-4 | 14.00 | 91.00 | 105.00 | NOTE |
Version: 0.5-4
Check: DESCRIPTION meta-information
Result: NOTE
Package listed in more than one of Depends, Imports, Suggests, Enhances:
‘Matrix’
A package should be listed in only one of these fields.
Flavors: r-oldrel-macos-arm64, r-oldrel-macos-x86_64, r-oldrel-windows-x86_64