Last updated on 2025-04-15 20:50:18 CEST.
Flavor | Version | Tinstall | Tcheck | Ttotal | Status | Flags |
---|---|---|---|---|---|---|
r-devel-linux-x86_64-debian-clang | 3.8.0 | 49.93 | 327.21 | 377.14 | OK | |
r-devel-linux-x86_64-debian-gcc | 3.8.0 | 33.14 | 215.53 | 248.67 | OK | |
r-devel-linux-x86_64-fedora-clang | 3.8.0 | 595.66 | OK | |||
r-devel-linux-x86_64-fedora-gcc | 3.8.0 | 623.67 | OK | |||
r-devel-windows-x86_64 | 3.8.0 | 46.00 | 305.00 | 351.00 | NOTE | |
r-patched-linux-x86_64 | 3.8.0 | 49.99 | 304.51 | 354.50 | OK | |
r-release-linux-x86_64 | 3.8.0 | 48.88 | 308.24 | 357.12 | OK | |
r-release-macos-arm64 | 3.8.0 | 148.00 | OK | |||
r-release-macos-x86_64 | 3.8.0 | 382.00 | OK | |||
r-release-windows-x86_64 | 3.8.0 | 55.00 | 308.00 | 363.00 | NOTE | |
r-oldrel-macos-arm64 | 3.8.0 | 172.00 | OK | |||
r-oldrel-macos-x86_64 | 3.8.0 | 507.00 | OK | |||
r-oldrel-windows-x86_64 | 3.8.0 | 71.00 | 414.00 | 485.00 | OK |
Version: 3.8.0
Check: dependencies in R code
Result: NOTE
OpenJDK 64-Bit Server VM warning: The Windows job object has enabled multiple processor groups (2) but the UseAllWindowsProcessorGroups flag is off. Some processors might not be used.
Flavors: r-devel-windows-x86_64, r-release-windows-x86_64