Last updated on 2024-07-22 20:55:48 CEST.
Flavor | Version | Tinstall | Tcheck | Ttotal | Status | Flags |
---|---|---|---|---|---|---|
r-devel-linux-x86_64-debian-clang | 3.0 | 30.33 | 151.59 | 181.92 | OK | |
r-devel-linux-x86_64-debian-gcc | 3.0 | 27.19 | 110.01 | 137.20 | OK | |
r-devel-linux-x86_64-fedora-clang | 3.0 | 240.21 | NOTE | |||
r-devel-linux-x86_64-fedora-gcc | 3.0 | 232.15 | NOTE | |||
r-devel-windows-x86_64 | 3.0 | 28.00 | 106.00 | 134.00 | OK | |
r-patched-linux-x86_64 | 3.0 | 21.62 | 143.37 | 164.99 | OK | |
r-release-linux-x86_64 | 3.0 | 25.39 | 143.28 | 168.67 | OK | |
r-release-macos-arm64 | 3.0 | 55.00 | OK | |||
r-release-macos-x86_64 | 3.0 | 80.00 | OK | |||
r-release-windows-x86_64 | 3.0 | 29.00 | 108.00 | 137.00 | OK | |
r-oldrel-macos-arm64 | 3.0 | 60.00 | OK | |||
r-oldrel-macos-x86_64 | 3.0 | 93.00 | OK | |||
r-oldrel-windows-x86_64 | 3.0 | 34.00 | 132.00 | 166.00 | OK |
Version: 3.0
Check: dependencies in R code
Result: NOTE
Namespaces in Imports field not imported from:
‘datasets’ ‘grDevices’ ‘graphics’ ‘iterators’ ‘methods’
All declared Imports should be used.
Flavors: r-devel-linux-x86_64-fedora-clang, r-devel-linux-x86_64-fedora-gcc