Last updated on 2025-05-02 02:51:00 CEST.
Flavor | Version | Tinstall | Tcheck | Ttotal | Status | Flags |
---|---|---|---|---|---|---|
r-devel-linux-x86_64-debian-clang | 1.0-4 | 10.16 | 127.84 | 138.00 | NOTE | |
r-devel-linux-x86_64-debian-gcc | 1.0-4 | 7.32 | 81.54 | 88.86 | OK | |
r-devel-linux-x86_64-fedora-clang | 1.0-4 | 220.01 | OK | |||
r-devel-linux-x86_64-fedora-gcc | 1.0-4 | 214.64 | OK | |||
r-devel-windows-x86_64 | 1.0-4 | 11.00 | 129.00 | 140.00 | OK | |
r-patched-linux-x86_64 | 1.0-4 | 11.91 | 119.37 | 131.28 | OK | |
r-release-linux-x86_64 | OK | |||||
r-release-macos-arm64 | 1.0-4 | 62.00 | OK | |||
r-release-macos-x86_64 | 1.0-4 | 161.00 | OK | |||
r-release-windows-x86_64 | 1.0-4 | 13.00 | 138.00 | 151.00 | OK | |
r-oldrel-macos-arm64 | 1.0-4 | 45.00 | OK | |||
r-oldrel-macos-x86_64 | 1.0-4 | 74.00 | OK | |||
r-oldrel-windows-x86_64 | 1.0-4 | 15.00 | 128.00 | 143.00 | OK |
Version: 1.0-4
Check: examples
Result: NOTE
Examples with CPU (user + system) or elapsed time > 5s
user system elapsed
mv.2sample.est 34.77 0.181 45.903
Flavor: r-devel-linux-x86_64-debian-clang