Last updated on 2025-05-02 08:49:32 CEST.
Flavor | Version | Tinstall | Tcheck | Ttotal | Status | Flags |
---|---|---|---|---|---|---|
r-devel-linux-x86_64-debian-clang | 1.0 | 17.82 | 371.76 | 389.58 | NOTE | |
r-devel-linux-x86_64-debian-gcc | 1.0 | 11.37 | 209.64 | 221.01 | OK | |
r-devel-linux-x86_64-fedora-clang | 1.0 | 586.26 | OK | |||
r-devel-linux-x86_64-fedora-gcc | 1.0 | 532.56 | OK | |||
r-devel-windows-x86_64 | 1.0 | 18.00 | 277.00 | 295.00 | OK | |
r-patched-linux-x86_64 | 1.0 | 15.15 | 329.89 | 345.04 | OK | |
r-release-linux-x86_64 | OK | |||||
r-release-macos-arm64 | 1.0 | 124.00 | OK | |||
r-release-macos-x86_64 | 1.0 | 388.00 | OK | |||
r-release-windows-x86_64 | 1.0 | 20.00 | 282.00 | 302.00 | OK | |
r-oldrel-macos-arm64 | 1.0 | 109.00 | OK | |||
r-oldrel-macos-x86_64 | 1.0 | 193.00 | OK | |||
r-oldrel-windows-x86_64 | 1.0 | 23.00 | 453.00 | 476.00 | OK |
Version: 1.0
Check: examples
Result: NOTE
Examples with CPU (user + system) or elapsed time > 5s
user system elapsed
qqunifSimPower 5.018 0.116 7.16
Flavor: r-devel-linux-x86_64-debian-clang