CRAN Package Check Results for Package MHTmult

Last updated on 2025-05-08 10:52:44 CEST.

Flavor Version Tinstall Tcheck Ttotal Status Flags
r-devel-linux-x86_64-debian-clang 0.1.0 1.68 19.24 20.92 NOTE
r-devel-linux-x86_64-debian-gcc 0.1.0 1.53 15.75 17.28 NOTE
r-devel-linux-x86_64-fedora-clang 0.1.0 34.91 OK
r-devel-linux-x86_64-fedora-gcc 0.1.0 33.44 OK
r-devel-windows-x86_64 0.1.0 2.00 41.00 43.00 OK
r-patched-linux-x86_64 0.1.0 2.10 18.36 20.46 OK
r-release-linux-x86_64 0.1.0 1.93 18.09 20.02 OK
r-release-macos-arm64 0.1.0 17.00 OK
r-release-macos-x86_64 0.1.0 24.00 OK
r-release-windows-x86_64 0.1.0 3.00 41.00 44.00 OK
r-oldrel-macos-arm64 0.1.0 14.00 NOTE
r-oldrel-macos-x86_64 0.1.0 25.00 NOTE
r-oldrel-windows-x86_64 0.1.0 3.00 43.00 46.00 NOTE

Check Details

Version: 0.1.0
Check: CRAN incoming feasibility
Result: NOTE Maintainer: ‘Yalin Zhu <yalin.zhu@outlook.com>’ No Authors@R field in DESCRIPTION. Please add one, modifying Authors@R: c(person(given = "Yalin", family = "Zhu", role = c("aut", "cre"), email = "yalin.zhu@outlook.com"), person(given = "Wenge", family = "Guo", role = "aut")) as necessary. Flavors: r-devel-linux-x86_64-debian-clang, r-devel-linux-x86_64-debian-gcc

Version: 0.1.0
Check: package dependencies
Result: NOTE Package suggested but not available for checking: ‘structSSI’ Flavors: r-oldrel-macos-arm64, r-oldrel-macos-x86_64, r-oldrel-windows-x86_64

Version: 0.1.0
Check: LazyData
Result: NOTE 'LazyData' is specified without a 'data' directory Flavors: r-oldrel-macos-arm64, r-oldrel-macos-x86_64, r-oldrel-windows-x86_64