Last updated on 2024-06-29 23:49:56 CEST.
Flavor | Version | Tinstall | Tcheck | Ttotal | Status | Flags |
---|---|---|---|---|---|---|
r-devel-linux-x86_64-debian-clang | 1.3.7 | 46.71 | 207.55 | 254.26 | NOTE | |
r-devel-linux-x86_64-debian-gcc | 1.3.7 | 35.54 | 149.39 | 184.93 | NOTE | |
r-devel-linux-x86_64-fedora-clang | 1.3.7 | 321.71 | NOTE | |||
r-devel-linux-x86_64-fedora-gcc | 1.3.7 | 321.09 | NOTE | |||
r-devel-windows-x86_64 | 1.3.7 | 40.00 | 213.00 | 253.00 | OK | |
r-patched-linux-x86_64 | 1.3.7 | 38.32 | 197.80 | 236.12 | NOTE | |
r-release-linux-x86_64 | 1.3.7 | 27.52 | 194.07 | 221.59 | NOTE | |
r-release-macos-arm64 | 1.3.7 | 109.00 | OK | |||
r-release-macos-x86_64 | 1.3.7 | 227.00 | OK | |||
r-release-windows-x86_64 | 1.3.7 | 38.00 | 217.00 | 255.00 | OK | |
r-oldrel-macos-arm64 | 1.3.7 | 124.00 | OK | |||
r-oldrel-macos-x86_64 | 1.3.7 | 187.00 | OK | |||
r-oldrel-windows-x86_64 | 1.3.7 | 48.00 | 291.00 | 339.00 | OK |
Version: 1.3.7
Check: for non-standard things in the check directory
Result: NOTE
Found the following files/directories:
‘Data_Correlation.txt’ ‘correlation_FDR_table.txt’
Flavors: r-devel-linux-x86_64-debian-clang, r-devel-linux-x86_64-debian-gcc, r-devel-linux-x86_64-fedora-clang, r-devel-linux-x86_64-fedora-gcc, r-patched-linux-x86_64, r-release-linux-x86_64