Last updated on 2025-04-29 13:51:30 CEST.
Flavor | Version | Tinstall | Tcheck | Ttotal | Status | Flags |
---|---|---|---|---|---|---|
r-devel-linux-x86_64-debian-clang | 2.0.0 | 8.73 | 85.71 | 94.44 | NOTE | |
r-devel-linux-x86_64-debian-gcc | 2.0.0 | 7.23 | 61.18 | 68.41 | OK | |
r-devel-linux-x86_64-fedora-clang | 2.0.0 | 158.32 | OK | |||
r-devel-linux-x86_64-fedora-gcc | 2.0.0 | 156.23 | OK | |||
r-devel-windows-x86_64 | 2.0.0 | 11.00 | 103.00 | 114.00 | OK | |
r-patched-linux-x86_64 | 2.0.0 | 10.05 | 81.21 | 91.26 | OK | |
r-release-linux-x86_64 | 2.0.0 | 9.25 | 80.61 | 89.86 | OK | |
r-release-macos-arm64 | 2.0.0 | 40.00 | OK | |||
r-release-macos-x86_64 | 2.0.0 | 65.00 | OK | |||
r-release-windows-x86_64 | 2.0.0 | 10.00 | 101.00 | 111.00 | OK | |
r-oldrel-macos-arm64 | 2.0.0 | 44.00 | OK | |||
r-oldrel-macos-x86_64 | 2.0.0 | 79.00 | OK | |||
r-oldrel-windows-x86_64 | 2.0.0 | 15.00 | 127.00 | 142.00 | OK |
Version: 2.0.0
Check: examples
Result: NOTE
Examples with CPU (user + system) or elapsed time > 5s
user system elapsed
f2Local 4.923 0.008 6.551
Flavor: r-devel-linux-x86_64-debian-clang