Last updated on 2024-06-29 23:49:56 CEST.
Flavor | Version | Tinstall | Tcheck | Ttotal | Status | Flags |
---|---|---|---|---|---|---|
r-devel-linux-x86_64-debian-clang | 0.5 | 48.77 | 80.86 | 129.63 | OK | |
r-devel-linux-x86_64-debian-gcc | 0.5 | 39.85 | 61.74 | 101.59 | OK | |
r-devel-linux-x86_64-fedora-clang | 0.5 | 174.64 | OK | |||
r-devel-linux-x86_64-fedora-gcc | 0.5 | 180.98 | OK | |||
r-devel-windows-x86_64 | 0.5 | 41.00 | 94.00 | 135.00 | OK | |
r-patched-linux-x86_64 | 0.5 | 30.78 | 84.72 | 115.50 | OK | |
r-release-linux-x86_64 | 0.5 | 34.48 | 80.43 | 114.91 | OK | |
r-release-macos-arm64 | 0.5 | 45.00 | NOTE | |||
r-release-macos-x86_64 | 0.5 | 67.00 | NOTE | |||
r-release-windows-x86_64 | 0.5 | 42.00 | 95.00 | 137.00 | OK | |
r-oldrel-macos-arm64 | 0.5 | 50.00 | NOTE | |||
r-oldrel-macos-x86_64 | 0.5 | 100.00 | NOTE | |||
r-oldrel-windows-x86_64 | 0.5 | 53.00 | 117.00 | 170.00 | OK |
Version: 0.5
Check: installed package size
Result: NOTE
installed size is 5.9Mb
sub-directories of 1Mb or more:
libs 5.4Mb
Flavors: r-release-macos-arm64, r-release-macos-x86_64, r-oldrel-macos-arm64, r-oldrel-macos-x86_64