Last updated on 2025-10-12 07:51:01 CEST.
Flavor | Version | Tinstall | Tcheck | Ttotal | Status | Flags |
---|---|---|---|---|---|---|
r-devel-linux-x86_64-debian-clang | 2.36 | 51.94 | 95.34 | 147.28 | NOTE | |
r-devel-linux-x86_64-debian-gcc | 2.36 | 35.75 | 65.43 | 101.18 | NOTE | |
r-devel-linux-x86_64-fedora-clang | 2.36 | 237.94 | OK | |||
r-devel-linux-x86_64-fedora-gcc | 2.36 | 219.83 | OK | |||
r-devel-windows-x86_64 | 2.36 | 82.00 | 111.00 | 193.00 | OK | |
r-patched-linux-x86_64 | 2.36 | 46.11 | 90.56 | 136.67 | OK | |
r-release-linux-x86_64 | 2.36 | 46.54 | 90.38 | 136.92 | OK | |
r-release-macos-arm64 | 2.36 | 65.00 | OK | |||
r-release-macos-x86_64 | 2.36 | 116.00 | OK | |||
r-release-windows-x86_64 | 2.36 | 83.00 | 118.00 | 201.00 | OK | |
r-oldrel-macos-arm64 | 2.36 | 66.00 | OK | |||
r-oldrel-macos-x86_64 | 2.36 | 85.00 | OK | |||
r-oldrel-windows-x86_64 | 2.36 | 99.00 | 142.00 | 241.00 | OK |
Version: 2.36
Check: CRAN incoming feasibility
Result: NOTE
Maintainer: ‘Jarrod Hadfield <j.hadfield@ed.ac.uk>’
No Authors@R field in DESCRIPTION.
Please add one, modifying
Authors@R: person(given = "Jarrod",
family = "Hadfield",
role = c("aut", "cre"),
email = "j.hadfield@ed.ac.uk")
as necessary.
Flavors: r-devel-linux-x86_64-debian-clang, r-devel-linux-x86_64-debian-gcc