Last updated on 2025-10-31 07:51:50 CET.
| Flavor | Version | Tinstall | Tcheck | Ttotal | Status | Flags | 
|---|---|---|---|---|---|---|
| r-devel-linux-x86_64-debian-clang | 0.1.4.3 | 28.93 | 166.17 | 195.10 | OK | |
| r-devel-linux-x86_64-debian-gcc | 0.1.4.3 | 22.03 | 121.33 | 143.36 | OK | |
| r-devel-linux-x86_64-fedora-clang | 0.1.4.3 | 60.00 | 240.55 | 300.55 | OK | |
| r-devel-linux-x86_64-fedora-gcc | 0.1.4.3 | 121.00 | 331.81 | 452.81 | OK | |
| r-devel-windows-x86_64 | 0.1.4.3 | 31.00 | 158.00 | 189.00 | OK | |
| r-patched-linux-x86_64 | 0.1.4.3 | 26.48 | 157.61 | 184.09 | OK | |
| r-release-linux-x86_64 | 0.1.4.3 | 25.02 | 159.43 | 184.45 | OK | |
| r-release-macos-arm64 | 0.1.4.3 | 18.00 | 80.00 | 98.00 | OK | |
| r-release-macos-x86_64 | 0.1.4.3 | 25.00 | 254.00 | 279.00 | OK | |
| r-release-windows-x86_64 | 0.1.4.3 | 31.00 | 159.00 | 190.00 | OK | |
| r-oldrel-macos-arm64 | 0.1.4.3 | 17.00 | 102.00 | 119.00 | NOTE | |
| r-oldrel-macos-x86_64 | 0.1.4.3 | 27.00 | 210.00 | 237.00 | NOTE | |
| r-oldrel-windows-x86_64 | 0.1.4.3 | 39.00 | 206.00 | 245.00 | OK | 
Version: 0.1.4.3
Check: installed package size
Result: NOTE
    installed size is  5.2Mb
    sub-directories of 1Mb or more:
      R      1.1Mb
      data   3.9Mb
Flavors: r-oldrel-macos-arm64, r-oldrel-macos-x86_64