Last updated on 2025-11-01 20:49:39 CET.
| Flavor | Version | Tinstall | Tcheck | Ttotal | Status | Flags |
|---|---|---|---|---|---|---|
| r-devel-linux-x86_64-debian-clang | 1.4.4 | 56.99 | 166.14 | 223.13 | OK | |
| r-devel-linux-x86_64-debian-gcc | 1.4.4 | 42.01 | 129.49 | 171.50 | OK | |
| r-devel-linux-x86_64-fedora-clang | 1.4.4 | 311.00 | 70.17 | 381.17 | OK | |
| r-devel-linux-x86_64-fedora-gcc | 1.4.4 | 276.00 | 118.82 | 394.82 | OK | |
| r-devel-windows-x86_64 | 1.4.4 | 81.00 | 253456.00 | 253537.00 | OK | |
| r-patched-linux-x86_64 | 1.4.4 | 60.27 | 90.90 | 151.17 | OK | |
| r-release-linux-x86_64 | 1.4.4 | 60.03 | 158.81 | 218.84 | OK | |
| r-release-macos-arm64 | 1.4.4 | 30.00 | 46.00 | 76.00 | OK | |
| r-release-macos-x86_64 | 1.4.4 | 58.00 | 108.00 | 166.00 | OK | |
| r-release-windows-x86_64 | 1.4.4 | 80.00 | 188.00 | 268.00 | OK | |
| r-oldrel-macos-arm64 | 1.4.4 | 36.00 | 127.00 | 163.00 | NOTE | |
| r-oldrel-macos-x86_64 | 1.4.4 | 76.00 | 174.00 | 250.00 | NOTE | |
| r-oldrel-windows-x86_64 | 1.4.4 | 83.00 | 246.00 | 329.00 | NOTE |
Version: 1.4.4
Check: installed package size
Result: NOTE
installed size is 6.6Mb
sub-directories of 1Mb or more:
libs 4.9Mb
Flavors: r-oldrel-macos-arm64, r-oldrel-macos-x86_64
Version: 1.4.4
Check: package dependencies
Result: NOTE
Package suggested but not available for checking: 'doMC'
Flavor: r-oldrel-windows-x86_64