CRAN Package Check Results for Package LoopRig

Last updated on 2025-05-05 15:50:10 CEST.

Flavor Version Tinstall Tcheck Ttotal Status Flags
r-devel-linux-x86_64-debian-clang 0.1.1 11.92 149.33 161.25 OK
r-devel-linux-x86_64-debian-gcc 0.1.1 8.27 105.52 113.79 OK
r-devel-linux-x86_64-fedora-clang 0.1.1 271.51 OK
r-devel-linux-x86_64-fedora-gcc 0.1.1 253.36 OK
r-devel-windows-x86_64 0.1.1 11.00 134.00 145.00 OK
r-patched-linux-x86_64 0.1.1 12.23 139.03 151.26 OK
r-release-linux-x86_64 0.1.1 11.23 139.31 150.54 OK
r-release-macos-arm64 0.1.1 82.00 OK
r-release-macos-x86_64 0.1.1 142.00 OK
r-release-windows-x86_64 0.1.1 13.00 134.00 147.00 OK
r-oldrel-macos-arm64 0.1.1 68.00 NOTE
r-oldrel-macos-x86_64 0.1.1 110.00 NOTE
r-oldrel-windows-x86_64 0.1.1 13.00 181.00 194.00 NOTE

Check Details

Version: 0.1.1
Check: LazyData
Result: NOTE 'LazyData' is specified without a 'data' directory Flavors: r-oldrel-macos-arm64, r-oldrel-macos-x86_64, r-oldrel-windows-x86_64