Last updated on 2025-10-30 19:53:28 CET.
| Flavor | Version | Tinstall | Tcheck | Ttotal | Status | Flags | 
|---|---|---|---|---|---|---|
| r-devel-linux-x86_64-debian-clang | 1.6.6 | 19.37 | 72.90 | 92.27 | NOTE | |
| r-devel-linux-x86_64-debian-gcc | 1.6.6 | 12.11 | 53.76 | 65.87 | NOTE | |
| r-devel-linux-x86_64-fedora-clang | 1.6.6 | 73.00 | 76.59 | 149.59 | OK | |
| r-devel-linux-x86_64-fedora-gcc | 1.6.6 | 40.00 | 95.07 | 135.07 | OK | |
| r-devel-windows-x86_64 | 1.6.6 | 21.00 | 91.00 | 112.00 | OK | |
| r-patched-linux-x86_64 | 1.6.6 | 16.81 | 69.39 | 86.20 | OK | |
| r-release-linux-x86_64 | 1.6.6 | 14.75 | 70.61 | 85.36 | OK | |
| r-release-macos-arm64 | 1.6.6 | 13.00 | 42.00 | 55.00 | OK | |
| r-release-macos-x86_64 | 1.6.6 | 17.00 | 59.00 | 76.00 | OK | |
| r-release-windows-x86_64 | 1.6.6 | 23.00 | 94.00 | 117.00 | OK | |
| r-oldrel-macos-arm64 | 1.6.6 | 10.00 | 32.00 | 42.00 | OK | |
| r-oldrel-macos-x86_64 | 1.6.6 | 12.00 | 50.00 | 62.00 | OK | |
| r-oldrel-windows-x86_64 | 1.6.6 | 27.00 | 110.00 | 137.00 | OK | 
Version: 1.6.6
Check: CRAN incoming feasibility
Result: NOTE
  Maintainer: ‘Charles Kooperberg <clk@fredhutch.org>’
  
  No Authors@R field in DESCRIPTION.
  Please add one, modifying
    Authors@R: c(person(given = "Charles",
                        family = "Kooperberg",
                        role = c("aut", "cre"),
                        email = "clk@fredhutch.org"),
                 person(given = "Ingo",
                        family = "Ruczinski",
                        role = "aut",
                        email = "ingo@jhu.edu"))
  as necessary.
Flavors: r-devel-linux-x86_64-debian-clang, r-devel-linux-x86_64-debian-gcc