Last updated on 2025-04-29 13:51:29 CEST.
Flavor | Version | Tinstall | Tcheck | Ttotal | Status | Flags |
---|---|---|---|---|---|---|
r-devel-linux-x86_64-debian-clang | 0.1.5 | 1.58 | 26.30 | 27.88 | NOTE | |
r-devel-linux-x86_64-debian-gcc | 0.1.5 | 1.37 | 21.00 | 22.37 | NOTE | |
r-devel-linux-x86_64-fedora-clang | 0.1.5 | 46.31 | OK | |||
r-devel-linux-x86_64-fedora-gcc | 0.1.5 | 57.64 | OK | |||
r-devel-windows-x86_64 | 0.1.5 | 3.00 | 48.00 | 51.00 | OK | |
r-patched-linux-x86_64 | 0.1.5 | 1.73 | 25.79 | 27.52 | OK | |
r-release-linux-x86_64 | 0.1.5 | 1.79 | 25.24 | 27.03 | OK | |
r-release-macos-arm64 | 0.1.5 | 29.00 | OK | |||
r-release-macos-x86_64 | 0.1.5 | 43.00 | OK | |||
r-release-windows-x86_64 | 0.1.5 | 3.00 | 51.00 | 54.00 | OK | |
r-oldrel-macos-arm64 | 0.1.5 | 24.00 | OK | |||
r-oldrel-macos-x86_64 | 0.1.5 | 35.00 | OK | |||
r-oldrel-windows-x86_64 | 0.1.5 | 3.00 | 52.00 | 55.00 | OK |
Version: 0.1.5
Check: CRAN incoming feasibility
Result: NOTE
Maintainer: ‘Guy Ashiri-Prossner <guy.ashiri@mail.huji.ac.il>’
No Authors@R field in DESCRIPTION.
Please add one, modifying
Authors@R: person(given = "Guy",
family = "Ashiri-Prossner",
role = c("aut", "cre"),
email = "guy.ashiri@mail.huji.ac.il")
as necessary.
Flavors: r-devel-linux-x86_64-debian-clang, r-devel-linux-x86_64-debian-gcc