Last updated on 2025-05-08 10:52:43 CEST.
Flavor | Version | Tinstall | Tcheck | Ttotal | Status | Flags |
---|---|---|---|---|---|---|
r-devel-linux-x86_64-debian-clang | 0.9.5 | 3.35 | 31.87 | 35.22 | NOTE | |
r-devel-linux-x86_64-debian-gcc | 0.9.5 | 1.62 | 24.48 | 26.10 | NOTE | |
r-devel-linux-x86_64-fedora-clang | 0.9.5 | 54.50 | OK | |||
r-devel-linux-x86_64-fedora-gcc | 0.9.5 | 53.86 | OK | |||
r-devel-windows-x86_64 | 0.9.5 | 5.00 | 52.00 | 57.00 | OK | |
r-patched-linux-x86_64 | 0.9.5 | 2.66 | 30.03 | 32.69 | OK | |
r-release-linux-x86_64 | 0.9.5 | 3.28 | 30.24 | 33.52 | OK | |
r-release-macos-arm64 | 0.9.5 | 22.00 | OK | |||
r-release-macos-x86_64 | 0.9.5 | 33.00 | OK | |||
r-release-windows-x86_64 | 0.9.5 | 4.00 | 54.00 | 58.00 | OK | |
r-oldrel-macos-arm64 | 0.9.5 | 20.00 | OK | |||
r-oldrel-macos-x86_64 | 0.9.5 | 52.00 | OK | |||
r-oldrel-windows-x86_64 | 0.9.5 | 5.00 | 64.00 | 69.00 | OK |
Version: 0.9.5
Check: CRAN incoming feasibility
Result: NOTE
Maintainer: ‘Antony Borel <antony.borel@gmail.com>’
No Authors@R field in DESCRIPTION.
Please add one, modifying
Authors@R: c(person(given = "Borel",
family = "A.",
role = "aut"),
person(given = "Pouydebat",
family = "E.",
role = "aut"),
person(given = "Reghem",
family = "E.",
role = "aut"),
person(given = "Antony",
family = "Borel",
role = "cre",
email = "antony.borel@gmail.com"))
as necessary.
Flavors: r-devel-linux-x86_64-debian-clang, r-devel-linux-x86_64-debian-gcc