Last updated on 2025-04-30 07:55:12 CEST.
Flavor | Version | Tinstall | Tcheck | Ttotal | Status | Flags |
---|---|---|---|---|---|---|
r-devel-linux-x86_64-debian-clang | 1.0.2 | 2.92 | 32.66 | 35.58 | NOTE | |
r-devel-linux-x86_64-debian-gcc | 1.0.2 | 1.98 | 26.57 | 28.55 | NOTE | |
r-devel-linux-x86_64-fedora-clang | 1.0.2 | 54.39 | OK | |||
r-devel-linux-x86_64-fedora-gcc | 1.0.2 | 53.74 | OK | |||
r-devel-windows-x86_64 | 1.0.2 | 5.00 | 56.00 | 61.00 | OK | |
r-patched-linux-x86_64 | 1.0.2 | 3.64 | 30.42 | 34.06 | OK | |
r-release-linux-x86_64 | 1.0.2 | 3.17 | 30.48 | 33.65 | OK | |
r-release-macos-arm64 | 1.0.2 | 22.00 | OK | |||
r-release-macos-x86_64 | 1.0.2 | 38.00 | OK | |||
r-release-windows-x86_64 | 1.0.2 | 4.00 | 58.00 | 62.00 | OK | |
r-oldrel-macos-arm64 | 1.0.2 | 24.00 | OK | |||
r-oldrel-macos-x86_64 | 1.0.2 | 42.00 | OK | |||
r-oldrel-windows-x86_64 | 1.0.2 | 4.00 | 59.00 | 63.00 | OK |
Version: 1.0.2
Check: examples
Result: NOTE
Examples with CPU (user + system) or elapsed time > 5s
user system elapsed
sim_function 3.663 0.07 5.46
Flavor: r-devel-linux-x86_64-debian-clang
Version: 1.0.2
Check: examples
Result: NOTE
Examples with CPU (user + system) or elapsed time > 5s
user system elapsed
sim_function 3.83 0.094 5.352
Flavor: r-devel-linux-x86_64-debian-gcc