Last updated on 2024-06-29 11:49:15 CEST.
Flavor | Version | Tinstall | Tcheck | Ttotal | Status | Flags |
---|---|---|---|---|---|---|
r-devel-linux-x86_64-debian-clang | 11.0-0 | 43.27 | 109.64 | 152.91 | OK | |
r-devel-linux-x86_64-debian-gcc | 11.0-0 | 39.29 | 81.79 | 121.08 | OK | |
r-devel-linux-x86_64-fedora-clang | 11.0-0 | 203.41 | NOTE | |||
r-devel-linux-x86_64-fedora-gcc | 11.0-0 | 210.76 | OK | |||
r-devel-windows-x86_64 | 11.0-0 | 42.00 | 117.00 | 159.00 | NOTE | |
r-patched-linux-x86_64 | 11.0-0 | 46.39 | 103.71 | 150.10 | OK | |
r-release-linux-x86_64 | 11.0-0 | 44.25 | 103.35 | 147.60 | OK | |
r-release-macos-arm64 | 11.0-0 | 78.00 | NOTE | |||
r-release-macos-x86_64 | 11.0-0 | 113.00 | NOTE | |||
r-release-windows-x86_64 | 11.0-0 | 43.00 | 120.00 | 163.00 | NOTE | |
r-oldrel-macos-arm64 | 11.0-0 | 86.00 | NOTE | |||
r-oldrel-macos-x86_64 | 11.0-0 | 191.00 | NOTE | |||
r-oldrel-windows-x86_64 | 11.0-0 | 53.00 | 133.00 | 186.00 | NOTE |
Version: 11.0-0
Check: installed package size
Result: NOTE
installed size is 6.5Mb
sub-directories of 1Mb or more:
data 5.6Mb
Flavors: r-devel-linux-x86_64-fedora-clang, r-devel-windows-x86_64, r-release-macos-arm64, r-release-macos-x86_64, r-release-windows-x86_64, r-oldrel-macos-arm64, r-oldrel-macos-x86_64, r-oldrel-windows-x86_64
Version: 11.0-0
Check: Rd cross-references
Result: NOTE
Undeclared package ‘plyr’ in Rd xrefs
Flavor: r-devel-linux-x86_64-fedora-clang