Last updated on 2025-07-21 08:50:08 CEST.
Flavor | Version | Tinstall | Tcheck | Ttotal | Status | Flags |
---|---|---|---|---|---|---|
r-devel-linux-x86_64-debian-clang | 2024.1.0 | 8.67 | 55.83 | 64.50 | OK | |
r-devel-linux-x86_64-debian-gcc | 2024.1.0 | 5.17 | 38.59 | 43.76 | OK | |
r-devel-linux-x86_64-fedora-clang | 2024.1.0 | 95.29 | NOTE | |||
r-devel-linux-x86_64-fedora-gcc | 2024.1.0 | 89.14 | NOTE | |||
r-devel-windows-x86_64 | 2024.1.0 | 9.00 | 64.00 | 73.00 | OK | |
r-patched-linux-x86_64 | 2024.1.0 | 7.29 | 49.28 | 56.57 | OK | |
r-release-linux-x86_64 | 2024.1.0 | 7.05 | 48.80 | 55.85 | OK | |
r-release-macos-arm64 | 2024.1.0 | 30.00 | OK | |||
r-release-macos-x86_64 | 2024.1.0 | 62.00 | OK | |||
r-release-windows-x86_64 | 2024.1.0 | 10.00 | 62.00 | 72.00 | OK | |
r-oldrel-macos-arm64 | 2024.1.0 | 32.00 | OK | |||
r-oldrel-macos-x86_64 | 2024.1.0 | 67.00 | OK | |||
r-oldrel-windows-x86_64 | 2024.1.0 | 11.00 | 77.00 | 88.00 | OK |
Version: 2024.1.0
Check: dependencies in R code
Result: NOTE
Namespaces in Imports field not imported from:
‘ggplot2’ ‘grDevices’ ‘latex2exp’
All declared Imports should be used.
Flavors: r-devel-linux-x86_64-fedora-clang, r-devel-linux-x86_64-fedora-gcc