Last updated on 2024-06-29 23:49:55 CEST.
Flavor | Version | Tinstall | Tcheck | Ttotal | Status | Flags |
---|---|---|---|---|---|---|
r-devel-linux-x86_64-debian-clang | 1.1.0 | 46.89 | 507.92 | 554.81 | OK | |
r-devel-linux-x86_64-debian-gcc | 1.1.0 | 36.48 | 354.58 | 391.06 | OK | |
r-devel-linux-x86_64-fedora-clang | 1.1.0 | 678.36 | NOTE | |||
r-devel-linux-x86_64-fedora-gcc | 1.1.0 | 636.94 | OK | |||
r-devel-windows-x86_64 | 1.1.0 | 37.00 | 331.00 | 368.00 | NOTE | |
r-patched-linux-x86_64 | 1.1.0 | 47.63 | 479.00 | 526.63 | OK | |
r-release-linux-x86_64 | 1.1.0 | 42.72 | 471.93 | 514.65 | OK | |
r-release-macos-arm64 | 1.1.0 | 153.00 | NOTE | |||
r-release-macos-x86_64 | 1.1.0 | 275.00 | NOTE | |||
r-release-windows-x86_64 | 1.1.0 | 40.00 | 336.00 | 376.00 | NOTE | |
r-oldrel-macos-arm64 | 1.1.0 | 157.00 | NOTE | |||
r-oldrel-macos-x86_64 | 1.1.0 | 421.00 | NOTE | |||
r-oldrel-windows-x86_64 | 1.1.0 | 50.00 | 432.00 | 482.00 | NOTE |
Version: 1.1.0
Check: installed package size
Result: NOTE
installed size is 6.4Mb
sub-directories of 1Mb or more:
R 1.4Mb
doc-overview 2.2Mb
Flavors: r-devel-linux-x86_64-fedora-clang, r-devel-windows-x86_64, r-release-macos-arm64, r-release-macos-x86_64, r-release-windows-x86_64, r-oldrel-macos-arm64, r-oldrel-macos-x86_64, r-oldrel-windows-x86_64