Last updated on 2025-04-30 01:50:23 CEST.
Flavor | Version | Tinstall | Tcheck | Ttotal | Status | Flags |
---|---|---|---|---|---|---|
r-devel-linux-x86_64-debian-clang | 3.6.9 | 14.28 | 115.30 | 129.58 | NOTE | |
r-devel-linux-x86_64-debian-gcc | 3.6.9 | 10.86 | 80.40 | 91.26 | NOTE | |
r-devel-linux-x86_64-fedora-clang | 3.6.9 | 208.85 | OK | |||
r-devel-linux-x86_64-fedora-gcc | 3.6.9 | 186.08 | OK | |||
r-devel-windows-x86_64 | 3.6.9 | 14.00 | 112.00 | 126.00 | OK | |
r-patched-linux-x86_64 | 3.6.9 | 12.76 | 109.25 | 122.01 | OK | |
r-release-linux-x86_64 | 3.6.9 | 14.46 | 109.46 | 123.92 | OK | |
r-release-macos-arm64 | 3.6.9 | 52.00 | OK | |||
r-release-macos-x86_64 | 3.6.9 | 94.00 | OK | |||
r-release-windows-x86_64 | 3.6.9 | 15.00 | 117.00 | 132.00 | OK | |
r-oldrel-macos-arm64 | 3.6.9 | 55.00 | OK | |||
r-oldrel-macos-x86_64 | 3.6.9 | 85.00 | OK | |||
r-oldrel-windows-x86_64 | 3.6.9 | 20.00 | 147.00 | 167.00 | OK |
Version: 3.6.9
Check: CRAN incoming feasibility
Result: NOTE
Maintainer: ‘Hengrui Cai <hcai5@ncsu.edu>’
No Authors@R field in DESCRIPTION.
Please add one, modifying
Authors@R: c(person(given = "Hengrui",
family = "Cai",
role = c("aut", "cre"),
email = "hcai5@ncsu.edu"),
person(given = "Chengchun",
family = "shi",
role = "aut",
email = "cshi4@ncsu.edu"),
person(given = "Rui",
family = "Song",
role = "aut",
email = "rsong@ncsu.edu"),
person(given = "Wenbin",
family = "Lu",
role = "aut",
email = "wlu4@ncsu.edu"))
as necessary.
Flavors: r-devel-linux-x86_64-debian-clang, r-devel-linux-x86_64-debian-gcc