Last updated on 2025-04-30 07:55:11 CEST.
Flavor | Version | Tinstall | Tcheck | Ttotal | Status | Flags |
---|---|---|---|---|---|---|
r-devel-linux-x86_64-debian-clang | 6.5 | 22.77 | 131.74 | 154.51 | OK | |
r-devel-linux-x86_64-debian-gcc | 6.5 | 14.20 | 77.73 | 91.93 | OK | |
r-devel-linux-x86_64-fedora-clang | 6.5 | 269.85 | OK | |||
r-devel-linux-x86_64-fedora-gcc | 6.5 | 240.09 | OK | |||
r-devel-windows-x86_64 | 6.5 | 21.00 | 125.00 | 146.00 | OK | |
r-patched-linux-x86_64 | 6.5 | 26.21 | 123.69 | 149.90 | OK | |
r-release-linux-x86_64 | 6.5 | 21.43 | 118.14 | 139.57 | OK | |
r-release-macos-arm64 | 6.5 | 48.00 | OK | |||
r-release-macos-x86_64 | 6.5 | 132.00 | OK | |||
r-release-windows-x86_64 | 6.5 | 21.00 | 123.00 | 144.00 | OK | |
r-oldrel-macos-arm64 | 6.5 | 61.00 | WARN | |||
r-oldrel-macos-x86_64 | 6.5 | 172.00 | OK | |||
r-oldrel-windows-x86_64 | 6.5 | 27.00 | 156.00 | 183.00 | OK |
Version: 6.5
Check: for unstated dependencies in examples
Result: WARN
Warning in file(outFile, "wt") :
cannot open file 'IsoplotR-Ex.R': No space left on device
Error in file(outFile, "wt") : cannot open the connection
Execution halted
Flavor: r-oldrel-macos-arm64