Last updated on 2025-05-01 20:49:41 CEST.
Flavor | Version | Tinstall | Tcheck | Ttotal | Status | Flags |
---|---|---|---|---|---|---|
r-devel-linux-x86_64-debian-clang | 1.0.2 | 7.35 | 55.47 | 62.82 | NOTE | |
r-devel-linux-x86_64-debian-gcc | 1.0.2 | 4.84 | 41.82 | 46.66 | NOTE | |
r-devel-linux-x86_64-fedora-clang | 1.0.2 | 95.80 | OK | |||
r-devel-linux-x86_64-fedora-gcc | 1.0.2 | 89.47 | OK | |||
r-devel-windows-x86_64 | 1.0.2 | 7.00 | 71.00 | 78.00 | OK | |
r-patched-linux-x86_64 | 1.0.2 | 6.14 | 52.95 | 59.09 | OK | |
r-release-linux-x86_64 | OK | |||||
r-release-macos-arm64 | 1.0.2 | 30.00 | OK | |||
r-release-macos-x86_64 | 1.0.2 | 48.00 | OK | |||
r-release-windows-x86_64 | 1.0.2 | 8.00 | 76.00 | 84.00 | OK | |
r-oldrel-macos-arm64 | 1.0.2 | 29.00 | OK | |||
r-oldrel-macos-x86_64 | 1.0.2 | 43.00 | OK | |||
r-oldrel-windows-x86_64 | 1.0.2 | 8.00 | 77.00 | 85.00 | OK |
Version: 1.0.2
Check: CRAN incoming feasibility
Result: NOTE
Maintainer: ‘Denis Talbot <denis.talbot@fmed.ulaval.ca>’
No Authors@R field in DESCRIPTION.
Please add one, modifying
Authors@R: c(person(given = "Denis",
family = "Talbot",
role = c("aut", "cre"),
email = "denis.talbot@fmed.ulaval.ca"),
person(given = "Thierry",
family = "Duchesne",
role = "aut"),
person(given = "Jacques",
family = "Brisson",
role = "aut"),
person(given = "Nathalie",
family = "Vandal",
role = "aut"))
as necessary.
Flavors: r-devel-linux-x86_64-debian-clang, r-devel-linux-x86_64-debian-gcc