Last updated on 2025-04-29 13:51:27 CEST.
Flavor | Version | Tinstall | Tcheck | Ttotal | Status | Flags |
---|---|---|---|---|---|---|
r-devel-linux-x86_64-debian-clang | 0.1.0 | 1.86 | 22.91 | 24.77 | NOTE | |
r-devel-linux-x86_64-debian-gcc | 0.1.0 | 1.75 | 18.40 | 20.15 | NOTE | |
r-devel-linux-x86_64-fedora-clang | 0.1.0 | 39.46 | OK | |||
r-devel-linux-x86_64-fedora-gcc | 0.1.0 | 37.91 | OK | |||
r-devel-windows-x86_64 | 0.1.0 | 3.00 | 46.00 | 49.00 | OK | |
r-patched-linux-x86_64 | 0.1.0 | 2.25 | 22.51 | 24.76 | OK | |
r-release-linux-x86_64 | 0.1.0 | 1.87 | 22.07 | 23.94 | OK | |
r-release-macos-arm64 | 0.1.0 | 16.00 | OK | |||
r-release-macos-x86_64 | 0.1.0 | 25.00 | OK | |||
r-release-windows-x86_64 | 0.1.0 | 3.00 | 51.00 | 54.00 | OK | |
r-oldrel-macos-arm64 | 0.1.0 | 15.00 | NOTE | |||
r-oldrel-macos-x86_64 | 0.1.0 | 23.00 | NOTE | |||
r-oldrel-windows-x86_64 | 0.1.0 | 4.00 | 49.00 | 53.00 | NOTE |
Version: 0.1.0
Check: CRAN incoming feasibility
Result: NOTE
Maintainer: ‘Tri Ha Minh Nguyen <tringuyen_2023@depauw.edu>’
No Authors@R field in DESCRIPTION.
Please add one, modifying
Authors@R: c(person(given = c("Tri", "Ha", "Minh", "Nguyen", "Jyotirmoy", "Sarkar", "Mamunur"),
family = "Rashid",
role = "aut"),
person(given = c("Tri", "Ha", "Minh"),
family = "Nguyen",
role = "cre",
email = "tringuyen_2023@depauw.edu"))
as necessary.
Flavors: r-devel-linux-x86_64-debian-clang, r-devel-linux-x86_64-debian-gcc
Version: 0.1.0
Check: LazyData
Result: NOTE
'LazyData' is specified without a 'data' directory
Flavors: r-oldrel-macos-arm64, r-oldrel-macos-x86_64, r-oldrel-windows-x86_64