Last updated on 2025-04-29 13:51:26 CEST.
Flavor | Version | Tinstall | Tcheck | Ttotal | Status | Flags |
---|---|---|---|---|---|---|
r-devel-linux-x86_64-debian-clang | 3.5.2 | 15.40 | 103.10 | 118.50 | NOTE | |
r-devel-linux-x86_64-debian-gcc | 3.5.2 | 9.16 | 68.31 | 77.47 | NOTE | |
r-devel-linux-x86_64-fedora-clang | 3.5.2 | 172.02 | OK | |||
r-devel-linux-x86_64-fedora-gcc | 3.5.2 | 170.13 | OK | |||
r-devel-windows-x86_64 | 3.5.2 | 16.00 | 101.00 | 117.00 | OK | |
r-patched-linux-x86_64 | 3.5.2 | 13.93 | 93.69 | 107.62 | OK | |
r-release-linux-x86_64 | 3.5.2 | 13.66 | 93.69 | 107.35 | OK | |
r-release-macos-arm64 | 3.5.2 | 113.00 | OK | |||
r-release-macos-x86_64 | 3.5.2 | 104.00 | OK | |||
r-release-windows-x86_64 | 3.5.2 | 17.00 | 104.00 | 121.00 | OK | |
r-oldrel-macos-arm64 | 3.5.2 | 54.00 | OK | |||
r-oldrel-macos-x86_64 | 3.5.2 | 81.00 | OK | |||
r-oldrel-windows-x86_64 | 3.5.2 | 22.00 | 130.00 | 152.00 | OK |
Version: 3.5.2
Check: examples
Result: NOTE
Examples with CPU (user + system) or elapsed time > 5s
user system elapsed
write_idea 7.185 0.119 8.065
Flavor: r-devel-linux-x86_64-debian-clang
Version: 3.5.2
Check: examples
Result: NOTE
Examples with CPU (user + system) or elapsed time > 5s
user system elapsed
write_idea 4.555 0.123 5.451
Flavor: r-devel-linux-x86_64-debian-gcc